
Let k(m) = -697*m**3 + 4*m**2 - 7*m - 3. Determine k(0).
-3
Let x(h) = -23*h - 125. Calculate x(-6).
13
Let x(u) = -u**3 - 3*u**2 + 180*u + 7. What is x(-15)?
7
Let v(y) = 14*y**3 - y**2 - 4*y + 3. Calculate v(1).
12
Let w(f) = f**2 + 25*f - 70. Give w(-31).
116
Let i(n) = n**2 + 33*n + 142. Calculate i(-21).
-110
Let g(w) = 2*w**3 + 90*w**2 - 92*w - 3. Give g(-46).
-3
Let u(m) = 4*m**2 - 3*m - 36. Determine u(-4).
40
Let l(q) = -3*q**3 - 22*q**2 - 29*q - 42. Calculate l(-6).
-12
Let t(g) = -g**3 - 103*g**2 - 681*g - 860. Calculate t(-96).
4
Let v(t) = t**2 - 36*t + 209. What is v(8)?
-15
Let q(j) = -50*j**2 - 898*j + 22. What is q(-18)?
-14
Let t(b) = -b**3 - 12*b**2 - 29*b - 7. Calculate t(-9).
11
Let j(d) = d**3 - 13*d**2 - 32*d + 22. What is j(15)?
-8
Let z(n) = -8*n**2 - 24*n + 42. Calculate z(-7).
-182
Let s(j) = -j**2 - 61*j - 586. Give s(-12).
2
Let w(d) = 751*d - 4934. What is w(7)?
323
Let q(v) = 128*v + 2392. Determine q(-21).
-296
Let b(l) = -2*l**2 + 322*l - 631. Calculate b(2).
5
Let j(w) = -w**2 - 67*w + 242. Determine j(-71).
-42
Let a(i) = i**2 - 89*i + 1903. Give a(36).
-5
Let x(l) = 6*l**2 - 51*l - 225. Calculate x(13).
126
Let k(b) = -2*b**2 + 19*b - 1. Give k(7).
34
Let z(u) = u**2 + 43*u + 61. Give z(-40).
-59
Let d(k) = -k**2 - 36*k + 245. Give d(6).
-7
Let i(o) = -o**3 - 85*o**2 - 245*o - 121. Determine i(-82).
-203
Let i(t) = 88*t + 11. Determine i(-1).
-77
Let t(h) = h**3 + 7*h**2 - 28*h + 27. Determine t(-10).
7
Let v(u) = u**2 + 17*u + 218. Determine v(-41).
1202
Let m(k) = -2*k**2 - 44*k - 242. What is m(-11)?
0
Let n(k) = -4*k**3 + 3*k**2 + k - 5. Give n(1).
-5
Let m(f) = f**3 - 10*f**2 - 10*f. Calculate m(-3).
-87
Let x(w) = 268*w + 247. Give x(-1).
-21
Let q(t) = -38*t + 868. Determine q(23).
-6
Let z(p) = -34*p + 3086. What is z(91)?
-8
Let h(w) = 1007*w + 5999. What is h(-6)?
-43
Let v(g) = -g**2 - 63*g - 635. Determine v(-12).
-23
Let p(k) = 2*k**3 + 17*k**2 - 13*k - 38. Give p(-9).
-2
Let b(g) = 6*g**2 - 55*g + 88. Determine b(5).
-37
Let d(f) = f**2 - 18*f - 1388. What is d(47)?
-25
Let a(x) = -x**3 + 63*x + 384. Give a(10).
14
Let v(p) = p**2 + 26*p - 14. What is v(-26)?
-14
Let o(d) = d**2 - 94*d + 993. Calculate o(82).
9
Let q(o) = -o**3 - 12*o**2 - 7*o + 7. Give q(-9).
-173
Let i(r) = -r**3 + 20*r**2 + 127*r - 3. Calculate i(-5).
-13
Let l(d) = -d**2 - 1307*d - 7817. What is l(-6)?
-11
Let j(n) = -212*n + 4253. What is j(20)?
13
Let y(o) = 146*o - 1175. What is y(8)?
-7
Let k(a) = -a**3 - 144*a**2 + 188*a + 6227. Give k(-145).
-8
Let w(j) = -j**3 - 46*j**2 - 45*j - 30. What is w(-45)?
-30
Let f(t) = -t**2 - 60*t - 449. Give f(-51).
10
Let s(l) = -836*l + 10028. What is s(12)?
-4
Let y(i) = 127*i**2 - 392*i + 13. Give y(3).
-20
Let s(i) = -18*i - 313. What is s(11)?
-511
Let g(h) = -h**2 - 21*h - 12. What is g(0)?
-12
Let i(j) = 181*j + 8. Calculate i(0).
8
Let m(q) = -11*q**2 - 206*q + 212. Calculate m(1).
-5
Let w(a) = 49*a**2 - 10*a + 9. Give w(1).
48
Let q(w) = 105*w + 2192. Give q(-21).
-13
Let k(d) = -81*d + 5. Calculate k(6).
-481
Let c(w) = -w**3 + 7*w**2 + 48*w - 349. Give c(9).
-79
Let z(f) = 948*f - 3782. Give z(4).
10
Let z(x) = x**3 + 10*x**2 + 108*x + 882. Give z(-9).
-9
Let j(c) = -c**2 + 12*c + 498. What is j(-13)?
173
Let q(h) = 874*h - 78696. Give q(90).
-36
Let r(y) = -4*y - 96. Calculate r(-11).
-52
Let p(k) = -51*k + 1586. What is p(31)?
5
Let j(r) = -43*r + 1280. Determine j(30).
-10
Let l(c) = -5*c - 143. Give l(-14).
-73
Let g(r) = -8*r**2 + 56*r + 181. Give g(-3).
-59
Let y(m) = -m**3 - 16*m**2 + 172*m + 2794. Determine y(-14).
-6
Let s(o) = 20*o**2 - 21*o + 57. Give s(3).
174
Let w(j) = j**3 + 16*j**2 - 506*j + 175. Give w(-32).
-17
Let x(j) = -2*j**3 + 171*j**2 - 96*j + 936. Calculate x(85).
1
Let f(b) = -752*b - 7566. What is f(-10)?
-46
Let w(q) = -17*q**2 + 95*q + 35. Calculate w(6).
-7
Let b(n) = n**3 - 112*n**2 - 154*n + 4639. Give b(113).
6
Let o(g) = -g**3 + 25*g**2 + 26*g - 267. Give o(26).
-267
Let f(w) = 2*w**3 + 85*w**2 + 68*w + 1100. Give f(-42).
8
Let d(v) = -12*v**3 + 4*v**2 + v - 3. Calculate d(1).
-10
Let y(d) = -3158*d**2 - 31583*d - 28. What is y(-10)?
2
Let r(f) = -50*f + 26. Give r(2).
-74
Let z(h) = -2*h**3 - 52*h**2 - 36*h - 37. What is z(-25)?
-387
Let f(a) = 29*a - 722. Determine f(25).
3
Let o(j) = 43504*j - 130511. Give o(3).
1
Let w(z) = z**3 - 40*z**2 - 7*z + 188. Determine w(40).
-92
Let b(g) = g**2 + 13*g + 47. What is b(-11)?
25
Let p(v) = -11*v**2 - 13*v + 108. Determine p(8).
-700
Let g(k) = -116*k - 116. What is g(-1)?
0
Let a(v) = -6*v**2 - 161*v + 1985. What is a(-36)?
5
Let k(h) = -38*h - 10. Give k(3).
-124
Let p(h) = h**2 + 57*h + 786. Calculate p(-34).
4
Let j(u) = -u**2 + 992*u + 51006. Determine j(-49).
-3
Let k(j) = -51*j - 567. Give k(-8).
-159
Let g(j) = -107*j**2 - 12840*j - 17. Calculate g(-120).
-17
Let y(l) = -66*l + 6. Calculate y(3).
-192
Let a(j) = -3*j**2 - 64*j - 318. Determine a(-8).
2
Let n(d) = -408*d - 2433. Calculate n(-6).
15
Let c(f) = -f**3 - 14*f**2 - 3*f + 10. Determine c(-13).
-120
Let u(x) = x**3 + 2*x**2 + 17*x - 34. Calculate u(3).
62
Let z(d) = -d**3 - 3*d**2 - 4*d - 1. Calculate z(-3).
11
Let i(x) = x**2 + 10*x - 59. Calculate i(-14).
-3
Let i(h) = -h**3 + 16*h**2 + 19*h - 41. Determine i(17).
-7
Let s(q) = 1492*q + 1540. Determine s(-1).
48
Let w(m) = 3371*m - 64043. Calculate w(19).
6
Let w(m) = 25*m - 228. What is w(8)?
-28
Let r(s) = -s**3 + 4*s**2 + 35*s + 49. Calculate r(-3).
7
Let h(g) = -3*g**3 - 3*g**2 - 124*g + 490. Give h(4).
-246
Let w(v) = -2*v**2 - 27*v - 62. Determine w(-10).
8
Let t(g) = -g**2 - 1831*g + 5493. Determine t(3).
-9
Let l(j) = -6762*j - 54103. Give l(-8).
-7
Let g(d) = 96*d**2 + 2110*d + 31. Calculate g(-22).
75
Let r(g) = 10574*g + 52857. What is r(-5)?
-13
Let m(w) = -21*w - 602. What is m(-29)?
7
Let u(v) = -2*v**2 + 23*v + 523. What is u(23)?
-6
Let m(d) = -475*d + 1459. Give m(3).
34
Let y(p) = 27*p + 89. Give y(-6).
-73
Let z(o) = -8*o**3 - 2*o**2 - 2*o. Give z(-1).
8
Let f(g) = -g**3 - 19*g**2 - 21*g + 236. Determine f(-17).
15
Let s(l) = l**3 - 25*l**2 - 53*l - 25. Calculate s(27).
2
Let t(q) = 2*q**3 - 15*q**2 + 6*q - 58. What is t(8)?
54
Let b(y) = -7*y**2 + 258*y + 62. Give b(37).
25
Let d(l) = -l**2 - 12*l + 121. What is d(-21)?
-68
Let f(x) = 62*x**2 + 321*x + 39. What is f(-5)?
-16
Let d(o) = -10*o - 196. Give d(-21).
14
Let i(r) = -127*r + 10777. Calculate i(85).
-18
Let b(f) = -4*f - 69. Calculate b(19).
-145
Let f(r) = -38*r**2 + 680*r + 60. Calculate f(18).
-12
Let q(z) = 10*z - 33. Determine q(9).
57
Let f(i) = -10934*i - 229619. Give f(-21).
-5
Let g(y) = y**2 - 77*y - 1596. Calculate g(-17).
2
Let b(q) = 5*q**2 + 59*q - 28. What is b(-12)?
-16
Let p(g) = 3*g**2 + 62*g + 182. Give p(-3).
23
Let i(b) = -b**2 - 122*b - 1869. Calculate i(-104).
3
Let l(q) = 3*q**2 - 115*q - 767. Determine l(44).
-19
Let a(o) = -o**3 + 42*o**2 - 82*o + 123. Give a(40).
43
Let y(a) = -2*a**2 - 8*a + 20. What is y(-10)?
-100
Let m(r) = 4*r**2 - 44*r - 209. Calculate m(15).
31
Let c(q) = 18*q**3 - 4*q**2 - 9*q + 26. Calculate c(2).
136
Let n(f) = -1893*f - 132499. Calculate n(-70).
11
Let g(b) = -847*b + 5400. Give g(6).
318
Let v(c) = 9*c**2 - 188*c - 14. Determine v(20).
-174
Let l(u) = 80*u - 567. Calculate l(7).
-7
Let q(o) = o**3 + 32*o**2 + 241*o + 29. Calculate q(-20).
9
Let i(o) = -108*o**2 - 10*o + 5. Give i(1).
-113
Let l(j) = 2*j**2 + 1894*j - 3790. What is l(2)?
6
Let n(t) = -t**2 + 37*t + 61. What is n(38)?
23
Let x(h) = 398*h + 17515. Determine x(-44).
3
Let a(w) = 80*w - 5. Calculate a(1).
75
Let c(v) = -v**2 + 10*v + 19. What is c(18)?
-125
Let y(i) = i**2 + 46*i + 434. Calculate y(-14).
-14
Let n(b) = -213*b + 1051. Give n(7).
-440
Let a(m) = 2*m**3 - 33*m**2 - 17*m + 17. Determine a(17).
17
Let h(f) = -16*f + 110. What is h(13)?
-98
Let s(u) = 370*u - 7875. Determine s(22).
265
Let c(w) = -72*w - 69. Calculate c(-1).
3
Let j(r) = 2*r**3 - 19*r**2 - 57*r - 10. What is j(12)?
26
Let v(s) = 4*s**2 + 72*s + 132. What is v(-2)?
4
Let v(b) = -b**3 - 3*b**2 + 47*b + 48. Determine v(-1).
-1
Let q(r) = r**3 + 63*r**2 + 61*r - 34. What is q(-62)?
28
Let b(h) = -40*h**2 - 33*h + 99. Determine b(3).
-360
Let o(j) = j**3 - 9*j**2 + 30*j - 92. Determine o(6).
-20
Let u(x) = 